2033021
Convert 11d1ce (base 15) to base 11.
533931
Convert 698a7a (base 11) to base 4.
10033000010
What is -112322232303 (base 4) in base 16?
-5babb3
What is 13033400 (base 5) in base 6?
2421330
Convert -10111210110001 (base 3) to base 14.
-367d80
What is -154654 (base 9) in base 12?
-471a1
10111011001000100100001 (base 2) to base 9
12475464
What is -415aa (base 15) in base 7?
-1521652
What is 5234244 (base 6) in base 8?
757364
-5222415 (base 6) to base 2
-111101100001101011
Convert -12214110 (base 7) to base 8.
-4135134
What is -1467217 (base 9) in base 2?
-11000110010011111100
13011111233 (base 4) to base 5
433410004
Convert -5241467 (base 8) to base 12.
-57249b
What is 210101201122 (base 3) in base 2?
1100110110100101011
Convert 505111533 (base 6) to base 14.
120cdd7
What is 7095c6 (base 14) in base 6?
213125054
11b0326 (base 13) to base 15
73d65c
200221220022 (base 3) to base 15
75885
Convert 52631343 (base 8) to base 14.
16c0b3d
Convert ccac3 (base 13) to base 4.
1122210001
Convert -101111111001111011 (base 2) to base 12.
-95677
Convert -441613 (base 7) to base 15.
-17e54
Convert 81142 (base 16) to base 5.
113404311
373a29 (base 15) to base 4
22011232302
What is -333543554 (base 6) in base 16?
-5c85be
-303302102 (base 4) to base 6
-4314002
Convert c775 (base 16) to base 5.
3113221
What is -28b86 (base 12) in base 10?
-56982
-200415 (base 7) to base 6
-420330
-1311320012 (base 4) to base 14
-c7d54
Convert -20210122011 (base 3) to base 7.
-1065202
-3c74e0 (base 15) to base 6
-142213520
1105154 (base 6) to base 11
3883a
Convert 1003110223010 (base 4) to base 12.
5ab1198
-a6a49a (base 13) to base 2
-1110111001110111111101
What is -213678 (base 9) in base 6?
-2421455
What is -223282 (base 10) in base 11?
-142834
What is 777c (base 15) in base 8?
61345
Convert 223220010 (base 4) to base 13.
63447
-10011011011111110010 (base 2) to base 13
-193b95
What is -212100222001002 (base 3) in base 4?
-233120003021
76cc39 (base 16) to base 13
17c792b
Convert 110622 (base 7) to base 12.
b366
What is -19a5c (base 15) in base 4?
-110112021
What is -405610 (base 7) in base 14?
-1b340
What is 111333020 (base 4) in base 14?
24b68
173133 (base 11) to base 5
32031223
-348871 (base 13) to base 15
-1997cd
Convert -312833 (base 15) to base 5.
-1044243343
-c8943 (base 16) to base 6
-25335323
What is -1321103011 (base 4) in base 13?
-1451b3
3a9ae (base 16) to base 11
154394
-265864 (base 10) to base 3
-111111200211
10110101111100101001110 (base 2) to base 8
26574516
Convert 112123013333 (base 4) to base 6.
325554115
2526aa7 (base 12) to base 3
111200022221001
What is 39d7b8 (base 14) in base 7?
22653321
75907 (base 11) to base 3
12121012220
Convert 1013022220 (base 4) to base 12.
120834
250441 (base 9) to base 16
24ee0
Convert -11111101011111 (base 2) to base 11.
-11209
What is -11110010110011000100 (base 2) in base 16?
-f2cc4
Convert -a0843 (base 11) to base 10.
-147425
What is 7c554 (base 15) in base 8?
1405457
12423330434 (base 5) to base 6
1311042313
What is 1332330114 (base 5) in base 9?
6354478
5230522 (base 6) to base 16
3dbf2
Convert 3042015 (base 8) to base 7.
6555411
Convert 1170450 (base 8) to base 7.
2516154
Convert 3244544 (base 6) to base 12.
79754
What is 412033 (base 8) in base 10?
136219
Convert -4e6f8 (base 16) to base 8.
-1163370
Convert 487bcd (base 16) to base 2.
10010000111101111001101
-45340153 (base 6) to base 13
-394b24
What is 1b0482 (base 13) in base 2?
10100111100010100110
What is -233283 (base 12) in base 8?
-2120303
Convert -144431244 (base 5) to base 12.
-317607
What is -12d808 (base 14) in base 8?
-2371200
What is 222021010101221 (base 3) in base 5?
12033121404
Convert -2772dd (base 15) to base 6.
-104400144
What is -67523 (base 11) in base 3?
-11222010222
Convert -2120202200112 (base 3) to base 10.
-1373207
23333214 (base 6) to base 7
6120553
-15535 (base 15) to base 6
-1245535
Convert cc03bb (base 13) to base 11.
2788545
-4a833 (base 16) to base 15
-6066d
Convert -14321262 (base 8) to base 14.
-609670
What is -142445045 (base 6) in base 11?
-172144a
c3c902 (base 13) to base 8
21333776
-5ba1541 (base 12) to base 6
-1435055321
What is 33b45 (base 13) in base 12?
46612
339612 (base 13) to base 2
100101001111100001100
Convert 111101100111 (base 2) to base 15.
127d
What is 17420770 (base 8) in base 9?
7585564
-101010011010000010110000 (base 2) to base 11
-630317a
15277a (base 13) to base 12
210968
Convert -100100101100000000 (base 2) to base 3.
-21122010122
Convert -100000100110110101 (base 2) to base 16.
-209b5
-14344610 (base 7) to base 8
-5130075
What is -361b8 (base 12) in base 7?
-422264
What is 1838456 (base 10) in base 15?
264adb
-31451538 (base 9) to base 15
-14e4098
What is 100021100210 (base 3) in base 7?
1360053
What is -234bb0 (base 13) in base 12?
-345697
Convert -14563523 (base 7) to base 16.
-1544cf
-12000011000202 (base 3) to base 15
-3782cb
4350142 (base 6) to base 5
23411434
Convert -110600405 (base 7) to base 3.
-110120212010002
What is -111110101100010011100 (base 2) in base 7?
-23314133
125536335 (base 7) to base 4
132313332201
Convert 14213130422 (base 5) to base 13.
3aa4a33
Convert -153717 (base 9) to base 13.
-340ba
2501001 (base 6) to base 10
132409
What is 10010011001111010101 (base 2) in base 10?
603093
What is 27770 (base 10) in base 12?
140a2
Convert -130346 (base 9) to base 4.
-103102221
What is 178a92 (base 15) in base 11?
710946
Convert -100110002000020 (base 3) to base 13.
-106a2b3
What is 18ea4a (base 15) in base 6?
42004041
223240105 (base 6) to base 4
33210003221
28544 (base 12) to base 2
1101101100000100
Convert 8061510 (base 9) to base 13.
b73789
What is -467806 (base 10) in base 15?
-93921
183297 (base 10) to base 3
100022102210
16e934b (base 15) to base 14
2305266
What is -11310166 (base 7) in base 9?
-1774587
Convert -4203a (base 13) to base 9.
-200724
What is 89944 (base 11) in base 6?
2442552
What is -25585a (base 15) in base 11?
-1013370
What is 43415535 (base 6) in base 8?
4736123
289658b (base 12) to base 3
120100121000122
Convert -13990b0 (base 13) to base 14.
-b7bca1
1032214531 (base 6) to base 9
22668511
Convert -2233131130 (base 4) to base 11.
-450a5a
What is 6dccd1 (base 14) in base 10?
3761815
What is -b20cc3 (base 14) in base 2?
-10110110111101110011011
-23a73a (base 11) to base 4
-1130311001
-10011110001000101100111 (base 2) to base 5
-2311304144
-1333554 (base 9) to base 7
-6132640
Convert 2999a (base 13) to base 12.
39553
Convert 100010011101111101 (base 2) to base 14.
39645
2a697 (base 12) to base 6
1140311
Convert 38c712 (base 14) to base 6.
105523244
Convert 2d2536 (base 14) to base 3.
2222100111202
Convert -6590a (base 15) to base 14.
-85832
493812 (base 10) to base 5
111300222
133522545 (base 6) to base 7
31651052
What is -f05a (base 16) in base 13?
-22011
-1011110011001101 (base 2) to base 12
-23b79
What is -3302e (base 16) in base 6?
-4251154
-10111010100001010111000 (base 2) to base 14
-b51544
Convert 4b85c (base 13) to base 4.
202021000
-15132323 (base 7) to base 8
-5365750
What is 17641510 (base 9) in base 15?
ba77ac
What is 23a84 (base 15) in base 14?
2d64d
What is 11001010101101001010 (base 2) in base 15?
116022
What is 51453421 (base 6) in base 3?
2210102122211
Convert 40598 (base 12) to base 10.
83780
What is 32032230333 (base 4) in base 9?
7014830
Convert 1000001111010111110 (base 2) to base 7.
2203133
-142217 (base 9) to base 7
-511303
82110 (base 14) to base 2
1001100011011000010
5100a1 (base 13) to base 7
22011041
-10111100001111110100 (base 2) to base 13
-20cc64
510433 (base 7) to base 11
5a119
What is -1144234243 (base 5) in base 8?
-12317030
What is 102111303012 (base 4) in base 12?
173a406
Convert 119906 (base 13) to base 15.
84bbe
-6e363 (base 15) to base 14
-922a4
Convert 1644345 (base 8) to base 2.
1110100100011100101
Convert 101220211211 (base 3) to base 5.
23334232
26544 (base 11) to base 6
451321
What is 21111011121 (base 3) in base 4?
203332312
1300321313 (base 4) to base 11
2964a4
Convert -589c2 (base 15) to base 7.
-2254061
What is -435336 (base 8) in base 10?
-146142
Convert -3432142 (base 5) to base 13.
-22025
132130203 (base 4) to base 13
449bb
-1220486 (base 9) to base 15
-d16e3
What is 200304 (base 5) in base 3?
22200102
Convert -69203 (base 10